nder when 949 is divided by 315?
4
What is the remainder when 616 is divided by 133?
84
What is the remainder when 326 is divided by 37?
30
Calculate the remainder when 583 is divided by 84.
79
What is the remainder when 54 is divided by 4?
2
Calculate the remainder when 231 is divided by 79.
73
What is the remainder when 697 is divided by 50?
47
What is the remainder when 404 is divided by 9?
8
Calculate the remainder when 813 is divided by 213.
174
Calculate the remainder when 389 is divided by 20.
9
What is the remainder when 65 is divided by 10?
5
Calculate the remainder when 132 is divided by 61.
10
What is the remainder when 3658 is divided by 229?
223
Calculate the remainder when 165 is divided by 28.
25
What is the remainder when 764 is divided by 15?
14
Calculate the remainder when 39 is divided by 11.
6
Calculate the remainder when 1424 is divided by 280.
24
Calculate the remainder when 165 is divided by 10.
5
What is the remainder when 2078 is divided by 59?
13
Calculate the remainder when 2966 is divided by 41.
14
Calculate the remainder when 158 is divided by 77.
4
What is the remainder when 45 is divided by 40?
5
What is the remainder when 123 is divided by 35?
18
Calculate the remainder when 301 is divided by 16.
13
Calculate the remainder when 1127 is divided by 21.
14
What is the remainder when 166 is divided by 44?
34
Calculate the remainder when 106 is divided by 5.
1
What is the remainder when 291 is divided by 98?
95
Calculate the remainder when 521 is divided by 50.
21
Calculate the remainder when 1357 is divided by 70.
27
What is the remainder when 155 is divided by 12?
11
What is the remainder when 167 is divided by 34?
31
Calculate the remainder when 1175 is divided by 14.
13
What is the remainder when 812 is divided by 775?
37
Calculate the remainder when 202 is divided by 31.
16
What is the remainder when 857 is divided by 26?
25
What is the remainder when 482 is divided by 135?
77
What is the remainder when 280 is divided by 77?
49
What is the remainder when 402 is divided by 141?
120
Calculate the remainder when 395 is divided by 100.
95
Calculate the remainder when 121 is divided by 39.
4
What is the remainder when 308 is divided by 296?
12
What is the remainder when 26 is divided by 25?
1
Calculate the remainder when 167 is divided by 71.
25
Calculate the remainder when 7 is divided by 4.
3
Calculate the remainder when 185 is divided by 30.
5
What is the remainder when 920 is divided by 13?
10
What is the remainder when 330 is divided by 56?
50
Calculate the remainder when 184 is divided by 85.
14
Calculate the remainder when 37 is divided by 15.
7
Calculate the remainder when 358 is divided by 130.
98
Calculate the remainder when 7937 is divided by 54.
53
Calculate the remainder when 43 is divided by 6.
1
What is the remainder when 573 is divided by 568?
5
What is the remainder when 5 is divided by 1?
0
What is the remainder when 156 is divided by 33?
24
Calculate the remainder when 65 is divided by 17.
14
What is the remainder when 46 is divided by 42?
4
What is the remainder when 4482 is divided by 88?
82
Calculate the remainder when 572 is divided by 16.
12
What is the remainder when 234 is divided by 140?
94
Calculate the remainder when 5980 is divided by 8.
4
Calculate the remainder when 1547 is divided by 101.
32
What is the remainder when 1321 is divided by 9?
7
What is the remainder when 852 is divided by 19?
16
What is the remainder when 2343 is divided by 17?
14
What is the remainder when 2409 is divided by 97?
81
What is the remainder when 58 is divided by 12?
10
What is the remainder when 6115 is divided by 22?
21
What is the remainder when 4412 is divided by 447?
389
What is the remainder when 3101 is divided by 37?
30
Calculate the remainder when 12455 is divided by 1778.
9
What is the remainder when 248 is divided by 30?
8
Calculate the remainder when 74 is divided by 24.
2
Calculate the remainder when 450 is divided by 12.
6
Calculate the remainder when 3548 is divided by 88.
28
What is the remainder when 276 is divided by 112?
52
What is the remainder when 655 is divided by 15?
10
Calculate the remainder when 227 is divided by 23.
20
Calculate the remainder when 310 is divided by 27.
13
What is the remainder when 4965 is divided by 54?
51
Calculate the remainder when 575 is divided by 64.
63
Calculate the remainder when 317 is divided by 83.
68
Calculate the remainder when 57 is divided by 44.
13
What is the remainder when 6671 is divided by 139?
138
What is the remainder when 51 is divided by 18?
15
Calculate the remainder when 35984 is divided by 38.
36
What is the remainder when 99 is divided by 15?
9
What is the remainder when 131 is divided by 27?
23
What is the remainder when 318 is divided by 32?
30
What is the remainder when 646 is divided by 10?
6
What is the remainder when 210 is divided by 179?
31
Calculate the remainder when 659 is divided by 35.
29
What is the remainder when 172 is divided by 47?
31
Calculate the remainder when 1715 is divided by 12.
11
What is the remainder when 336 is divided by 29?
17
Calculate the remainder when 94 is divided by 6.
4
What is the remainder when 176 is divided by 35?
1
Calculate the remainder when 106 is divided by 54.
52
Calculate the remainder when 1077 is divided by 27.
24
Calculate the remainder when 1171 is divided by 73.
3
What is the remainder when 792 is divided by 19?
13
What is the remainder when 59 is divided by 26?
7
Calculate the remainder when 537 is divided by 30.
27
What is the remainder when 1165 is divided by 218?
75
Calculate the remainder when 414 is divided by 55.
29
What is the remainder when 201 is divided by 2?
1
What is the remainder when 239 is divided by 11?
8
Calculate the remainder when 199 is divided by 76.
47
What is the remainder when 203 is divided by 161?
42
Calculate the remainder when 453 is divided by 24.
21
Calculate the remainder when 220 is divided by 69.
13
Calculate the remainder when 167 is divided by 20.
7
What is the remainder when 1244 is divided by 83?
82
What is the remainder when 16 is divided by 8?
0
Calculate the remainder when 649 is divided by 45.
19
Calculate the remainder when 17301 is divided by 13.
11
Calculate the remainder when 267 is divided by 54.
51
What is the remainder when 4255 is divided by 20?
15
Calculate the remainder when 15736 is divided by 20.
16
What is the remainder when 243 is divided by 85?
73
Calculate the remainder when 771 is divided by 190.
11
Calculate the remainder when 1310 is divided by 19.
18
Calculate the remainder when 2629 is divided by 4.
1
What is the remainder when 49 is divided by 33?
16
What is the remainder when 88 is divided by 69?
19
What is the remainder when 71 is divided by 29?
13
What is the remainder when 44 is divided by 30?
14
What is the remainder when 343 is divided by 66?
13
What is the remainder when 2593 is divided by 70?
3
What is the remainder when 571 is divided by 204?
163
Calculate the remainder when 41 is divided by 23.
18
Calculate the remainder when 85 is divided by 31.
23
Calculate the remainder when 65 is divided by 12.
5
Calculate the remainder when 9534 is divided by 251.
247
What is the remainder when 206 is divided by 72?
62
Calculate the remainder when 2015 is divided by 97.
75
Calculate the remainder when 583 is divided by 104.
63
What is the remainder when 58 is divided by 31?
27
Calculate the remainder when 969 is divided by 13.
7
What is the remainder when 185 is divided by 21?
17
What is the remainder when 2217 is divided by 47?
8
Calculate the remainder when 6048 is divided by 242.
240
Calculate the remainder when 103 is divided by 22.
15
Calculate the remainder when 247 is divided by 25.
22
Calculate the remainder when 103 is divided by 57.
46
What is the remainder when 3381 is divided by 339?
330
What is the remainder when 390 is divided by 218?
172
Calculate the remainder when 1949 is divided by 32.
29
What is the remainder when 72 is divided by 25?
22
Calculate the remainder when 345 is divided by 12.
9
Calculate the remainder when 71 is divided by 31.
9
What is the remainder when 22 is divided by 11?
0
What is the remainder when 5354 is divided by 114?
110
Calculate the remainder when 1176 is divided by 237.
22